r(9) is divided by u(-7).
13
What is the remainder when 265 is divided by 63*(-143)/(-165) - (-2)/5?
45
Let o(c) = -c**3 + 10*c**2 + 6*c - 4. Let n be o(10). Suppose 58*s - 38 = n*s. Calculate the remainder when s is divided by 13.
6
Suppose 14*j - 47*j = -1221. What is the remainder when 69 is divided by j?
32
Suppose -5*t + 101 = 4*c, c + 0*t - 25 = -t. Let v = 1465 - 1376. What is the remainder when v is divided by c?
17
Let d = -432 - -443. What is the remainder when 394 is divided by d?
9
Suppose -4*f = -2*n + 6*n - 164, 2*f - n = 82. What is the remainder when f is divided by 4?
1
Let a(d) = 158*d**2 - 20*d - 17. What is the remainder when a(-1) is divided by 93?
68
Let c = 39 - 4. Suppose 5*s + 3 = 4*u, 3*u + 3*s - 14 = 22. Calculate the remainder when -1*(1 - 10*u) is divided by c.
34
Let c = 24 + 10. Let g(m) = -m**3 - 6*m**2 + 8*m - 8. Let q be g(-7). Let d = q - -22. Calculate the remainder when c is divided by d.
6
Let f = 2351 - 2348. Calculate the remainder when 7 is divided by f.
1
Let d = -269 + 332. What is the remainder when d is divided by 21?
0
Suppose 112 = 50*c - 42*c. What is the remainder when 180 is divided by c?
12
Let z = -161 + 287. What is the remainder when z is divided by 64?
62
Let c(t) = t**3 - 6*t**2 + 8*t + 1. Let f be c(4). What is the remainder when 35 is divided by 24/f - (4 - 0)?
15
Let o(k) = 5*k - 35. Let r be -4 + 0 - (-45)/3. Suppose -5*z + 4*j = -273, -5*z - 5*j = -2*j - 294. What is the remainder when z is divided by o(r)?
17
Let r(n) = n**3 + 19*n**2 + 33*n + 24. Let a be r(-17). Suppose -4*b = c - 45, -2*b - 2*b + 3*c + a = 0. Calculate the remainder when 131 is divided by b.
10
Let g = 2812 + -2770. Let h(m) = m**2 - m - 1. Let s be h(3). Suppose 0 = -s*j + f + 60, -4 + 29 = -5*f. What is the remainder when g is divided by j?
9
Let z = -992 + 1006. Let i = -5 + 8. Suppose -134 = -3*u - 5*w, w - i*w = -4*u + 222. Calculate the remainder when u is divided by z.
11
Let s = -18 - -32. Let h(x) = -x**2 + 14*x + 5. Let o be h(s). Let u = o - 1. Calculate the remainder when 10 is divided by u.
2
Let q = -81 + 162. What is the remainder when 258 is divided by q?
15
What is the remainder when 1/9 + (-16367)/(-117) + -6 is divided by 71?
63
Let x(a) = -a**3 - 5*a**2 - 3*a + 6. Let p be x(-4). Suppose p*y = -7 + 25. What is the remainder when y is divided by 4?
1
Suppose -15*c + 2605 = 640. Let v(t) = t**3 + 7*t**2 + 2*t + 9. What is the remainder when c is divided by v(-6)?
32
Suppose 55*q = 49*q + 372. Calculate the remainder when 184 is divided by q.
60
Let v = -88 - -151. Calculate the remainder when v is divided by 19.
6
Let q(n) = 10*n - 27. Let h be q(5). Let j = 2 + h. Calculate the remainder when j is divided by 13.
12
Let s = -8 - -23. Calculate the remainder when ((-6)/7)/((-2)/168) is divided by s.
12
Suppose 0 = 38*s - 12569 + 3221. What is the remainder when s is divided by 36?
30
Suppose -5*r - 18 = -138. Let s be ((-104)/24)/(1/(-6)). Suppose s = x - 45. Calculate the remainder when x is divided by r.
23
Let a(l) = l**2 - 7*l + 18. Calculate the remainder when 130 is divided by a(2).
2
Let v(q) = q**3 + 9*q**2 + 3*q - 20. Let x = 57 + -138. Calculate the remainder when v(-7) is divided by x/(-4) - (-5)/(-20).
17
Let p be 3 - (4 - 2) - -3. Suppose 13 = p*d - 3. What is the remainder when 55 is divided by 1 + d + -1 + 24?
27
Suppose -67*c = -65*c - 92. What is the remainder when c is divided by 17?
12
Suppose 4*x + 4 = w, -w + x - 13 = -32. Let d(j) = -15*j - 100. Let m be d(-7). Calculate the remainder when 98 + m + 30/(-3) is divided by w.
21
Let s = -170 - -171. Suppose -v = -2*t - 3*t + 19, 0 = -3*v - 4*t + 19. Calculate the remainder when s is divided by v.
0
Let l(f) = 13*f - 531. Calculate the remainder when l(44) is divided by 24.
17
Suppose 3*t + 26 = m + 7, m = 2*t + 21. Calculate the remainder when 91 is divided by m.
16
Suppose 0 = -2*u + 5*a + 248, 4*a - 597 = -5*u + 5*a. Suppose 0 = -5*d + u - 14. Calculate the remainder when 39 is divided by d.
18
Let q(z) = 3*z**2 - 3*z - 4. Let s be q(3). Calculate the remainder when 6 is divided by s/18 + (-2 - (-60)/27).
0
Let r = 18 + -15. Suppose -r - 32 = -v. Calculate the remainder when v is divided by 2/(-7) + 270/14.
16
Let p(z) be the second derivative of z**4/6 + 4*z**3/3 - 3*z**2/2 + 4*z. Let w(i) = -i - 1. Let u be w(5). Calculate the remainder when p(u) is divided by 6.
3
Let g(c) = -16*c. Let i be g(6). Let k = -55 - i. Calculate the remainder when 79 is divided by k.
38
Let v(c) = 7*c**2 - 11*c. Let q be v(-8). Suppose 909 = -3*t + 4*b + 75, -q = 2*t + 4*b. Calculate the remainder when 20/15 - t/6 is divided by 16.
15
Suppose 0 = s - 27. Let m = s - 11. Suppose -1043 = -27*j + 226. Calculate the remainder when j is divided by m.
15
Suppose 0 = p - 2*p + 8. Suppose -p*x + 20 + 28 = 0. Calculate the remainder when 16 is divided by x.
4
Let o(j) be the second derivative of -j**3/3 + 4*j**2 - 9*j. Let n be o(3). Let q = n + 13. Calculate the remainder when 43 is divided by q.
13
Suppose 32*a - 27*a = 25. Suppose -w = 4*g - 36, -2*w - a*g + 4 + 56 = 0. Suppose 174 = -2*n + 5*n. Calculate the remainder when n is divided by w.
18
Let u be 8/6 + 4/6. Suppose -3*f = 12, -u*k - 4*f + 12 = -0*k. What is the remainder when k is divided by (16/10)/(8/20)?
2
Let j be (-66)/8 - 1/(-4). Let q be (-4)/(-8)*18 + -2. Let r = q - j. What is the remainder when r is divided by 6?
3
Let h = 90 + -7. Let l(r) = -2*r**3 - r**2 + 4. Let t be l(-3). Suppose q - 2*w - 2*w - t = 0, -h = -3*q - 4*w. Calculate the remainder when q is divided by 12.
9
What is the remainder when -8 - 236/(-28) - 725/(-7) is divided by 16?
8
What is the remainder when 168 is divided by (-73 - -75)/(2*2/120)?
48
Let i(z) = -25*z + 2. Calculate the remainder when i(-3) is divided by (-5)/20 + (-327)/(-12).
23
Let s = 951 + -842. Let z(q) = q**2 + 22. What is the remainder when s is divided by z(0)?
21
Let o(n) = -4*n + 16. Let l be o(4). Suppose 5*a + 157 = 2*g, l*a - a = 5*g - 379. What is the remainder when g is divided by 6?
4
Calculate the remainder when 29 is divided by 8 + 1 - (-5 + 9).
4
Let j(q) = -2*q**3 + 16*q**2 + 8*q. Let b be j(8). Let o = b - 53. Calculate the remainder when o is divided by 6.
5
Suppose 7*g + 45*g - 1820 = 0. What is the remainder when 1047 is divided by g?
32
Let o = -854 + 1068. Calculate the remainder when o is divided by 35.
4
Suppose 252 - 249 = b + 3*r, 5*b = 4*r + 72. Calculate the remainder when 298 is divided by b.
10
Let n = 6018 - 6000. What is the remainder when (2/4 - -1)*38 is divided by n?
3
Let y = -892 + 931. Calculate the remainder when y is divided by 18.
3
Suppose -58 = -k - 2. Let b = k + -39. What is the remainder when b is divided by 8?
1
Let h(z) = 3*z**2 - 34*z + 192. Calculate the remainder when h(8) is divided by 41.
30
Let l be (5 + 56/(-12))*-21. Let c(d) = -13*d - 14. What is the remainder when c(l) is divided by 27?
23
What is the remainder when 57 is divided by ((-70)/25 - 0)*-10?
1
Suppose -5*b + 80 = u, 5*u - 188 = 3*b + 184. Calculate the remainder when u is divided by 20.
15
Suppose -5*g + 2*y + 197 = 0, -g = 4*y - 42 - 15. Let p = 657 + -646. Calculate the remainder when g is divided by p.
8
Let y(u) = -7*u + 86. Let i be y(12). Suppose -4*q + 200 = -0*m + m, -3*q - 6 = 0. Suppose -i*w = 2*w - m. What is the remainder when w is divided by 11?
8
Suppose 0*b + 4*b = 276. Suppose 19*x - 56 = -4*g + 23*x, -5*x - 28 = -2*g. What is the remainder when b is divided by g?
13
Let f = 169 + -94. Suppose 2*g = 3*v - g - 24, -2*g = v + 1. Calculate the remainder when f is divided by (78/15 + 0)*v.
23
Suppose i + 2*i = 84. Suppose 30*u = 22*u + 880. What is the remainder when u is divided by i?
26
Let c = -9 - -24. Calculate the remainder when 41 is divided by c.
11
Suppose -3*i - 112 = -7*i. Let z = i - 42. Calculate the remainder when 57 is divided by (-214)/z - (-4)/(-14).
12
Calculate the remainder when (0 - -3)*19/285*2095 is divided by 35.
34
Let u(f) = -f**2 - 25*f + 101. What is the remainder when u(-28) is divided by 10?
7
Let i = -1243 - -1352. Suppose 0 = -2*c - 3*j + 47, -4*c - 3*j = -c - 75. Calculate the remainder when i is divided by c.
25
Suppose -3*m + 3*h + 1344 = 0, -9*m + 10*m + 2*h - 463 = 0. Calculat